*u. Let f = v - 8. What is the units digit of f?
5
Let c(i) be the third derivative of i**5/60 + i**4/4 + 11*i**3/6 - 8*i**2. What is the units digit of c(-8)?
7
Suppose 3*d = -d + 12. Suppose d = j - 2, 0 = 3*n + 5*j - 535. What is the hundreds digit of n?
1
Suppose 4*f + 4*y - 3459 = -y, -2*f - 5*y = -1727. What is the units digit of f?
6
Suppose -9*f = -7*f - 10. Let i be 118/6 - (-3)/9. What is the tens digit of (-2)/(i/f)*-148?
7
Suppose -68*t = -15*t - 255460. What is the tens digit of t?
2
Let z = 26 - 19. Suppose z*q - 8*q + 227 = 0. What is the units digit of q?
7
Suppose -59*p = 3*j - 57*p - 2837, 4727 = 5*j + 2*p. What is the hundreds digit of j?
9
What is the thousands digit of (1*2*(-101150)/100)/(-1)?
2
Let y(b) = b - 6. Let u be y(7). What is the units digit of (16/(-3))/(u*1/(-24))?
8
Suppose 15*n - 2*u = 12*n + 5011, 0 = -4*u + 4. What is the hundreds digit of n?
6
Let i(u) = u**3 + 4*u**2 - 2*u - 2. Suppose -11 = -2*a - 1. What is the units digit of i(a)?
3
Suppose 4*g + 4*n = -288 + 1724, -2*g + 721 = 5*n. Suppose -50 - g = -8*w. What is the tens digit of w?
5
Suppose -6*k - y = -k - 735, k = y + 147. Let m = k + -31. What is the units digit of m?
6
What is the tens digit of (-7)/2 - (-366751)/154?
7
Let j(b) = b**2 + 5*b - 4. Let k be j(-6). Suppose -40 = 3*y + k*y. Let h = 20 + y. What is the tens digit of h?
1
Let x(i) = -3*i**3 + 8*i**2 + 18*i + 9. Let h(p) = 10*p**3 - 23*p**2 - 53*p - 26. Let c(o) = -2*h(o) - 7*x(o). What is the units digit of c(12)?
7
Let l = 28 - 25. Suppose -t - l*z = -106, -5*t - z = z - 504. Suppose -56 = -4*q + t. What is the tens digit of q?
3
Suppose 0 = z - 884 - 386. What is the units digit of z?
0
Let v be (-3)/(3 + (-9)/4). Let p be (0 - (-2 - v)) + 23. Let k = p - 19. What is the units digit of k?
2
Suppose 0 = -8*r + 5*r. Let c = -2 + r. Let o(l) = -7*l**3 - 2*l**2 - l - 2. What is the tens digit of o(c)?
4
Suppose 3*u + 160 = -5*q, 0 = 2*q - q + 5. Let l = u + 56. What is the units digit of l?
1
Let r = -19 + 27. Suppose -5*f + r = -4*f. Suppose 4*g - 176 = -f. What is the units digit of g?
2
Let u be 2 + 104 - (-3 - 0). What is the tens digit of u/2 - (-13)/(-26)?
5
Suppose -346 - 145 = -x. What is the tens digit of x?
9
Let n(m) = -m**2 + 7*m - 2. Let k be n(4). Suppose -k = -4*b + 6. What is the units digit of ((-12)/3)/(b/(-8))?
8
Let w = -18 - -21. Suppose -w*x + 86 = -2*x. What is the units digit of x?
6
Let p(s) = 2*s - 7. Let a be 8*15/(-18)*-3. Suppose 3*c = c + a. What is the units digit of p(c)?
3
Let i = -1970 - -7224. What is the tens digit of i?
5
Let x = -770 - -1423. What is the hundreds digit of x?
6
Let d = 8 + -14. Let c(u) = -u. Let q(m) = -1. Let j(w) = d*c(w) + q(w). What is the tens digit of j(6)?
3
What is the units digit of ((-1758)/(-24))/((-3)/(-12))?
3
Let h(i) be the second derivative of i**2 - 1/12*i**4 + 0 - 11/6*i**3 + 3*i. What is the units digit of h(-11)?
2
Let o = 23 - 13. Let y(n) = n**3 - 10*n**2 - n + 12. Let t be y(o). Suppose 5*c + d = 65, 0 = 4*c - 6*d + t*d - 76. What is the tens digit of c?
1
Let u(y) = 45*y**2 - 290*y. What is the units digit of u(7)?
5
What is the tens digit of (1464/14)/(26/91)?
6
Let q(u) = 2*u - 5. Suppose 5 = 2*d + 1. Suppose -7*g - x = -2*g - 27, -4*g = d*x - 18. What is the units digit of q(g)?
7
Let z = -1 - 1. Let t be (3 + z)*1 + 28. Suppose 2*y - 86 = -4*v, -2*v + 44 + t = -5*y. What is the units digit of v?
4
Let k(f) = 2*f + 14. Let u(c) = -c + 1. Let h(j) = k(j) - 5*u(j). What is the tens digit of h(7)?
5
Let z(j) = 359*j**2 - 15*j - 19. What is the units digit of z(-3)?
7
Let d = 70 + -65. Suppose -13*t = -d*t - 344. What is the units digit of t?
3
Let g = -1039 + 2831. What is the tens digit of g?
9
Suppose y = 5*o - 446 - 6444, -2*o - 5*y + 2729 = 0. Suppose 8*l = o + 791. What is the tens digit of l?
7
Let t = -3 - -5. Let z = -5 + t. Let n(l) = -5*l + 4. What is the tens digit of n(z)?
1
Suppose -3*d + 5*c + 403 = 0, 18*d + c = 14*d + 545. What is the hundreds digit of d?
1
Suppose -55*y + 486 = -53*y. What is the tens digit of y?
4
Suppose 3*k = 2*k + 181. Let g = k + 60. What is the units digit of g?
1
Let x(m) = m**3 + 46*m**2 - 64*m - 57. What is the units digit of x(-47)?
2
Let o = 689 - 169. What is the units digit of o?
0
Let r = 34 - -59. What is the units digit of r/5 - 12/(-30)?
9
Let r(q) = 1 - 9*q + 5 - q**3 + 12*q**2 - 2 + 0*q**3. Let j be r(11). Let b = 50 - j. What is the units digit of b?
4
Suppose -42 + 17 = -5*w. Suppose 7*f - w*b = 2*f + 185, -4*b = 5*f - 221. What is the units digit of f?
1
Suppose 3*q - 45 = 39. What is the tens digit of 149/2 + (-14)/q?
7
Suppose w + 105 = -18. Let c = -14 - 56. Let p = c - w. What is the units digit of p?
3
Suppose 5*b - 1574 = h, -2*b + 2*h + 539 = -89. What is the hundreds digit of b?
3
Suppose s - 69 = -63. Suppose 2060 - 164 = s*n. What is the units digit of n?
6
Let s(o) = -2*o**3 - 13*o**2 - 2*o - 37. What is the tens digit of s(-11)?
7
Let f = 953 + 55. What is the units digit of f?
8
Suppose 25*a - 14028 = 49072. What is the hundreds digit of a?
5
Let y = -36 - -61. Let i be 9/15 - 365/y. What is the units digit of (-7)/(i/20) + -3?
7
Let g = 64 + 58. Suppose 67 = q - 2*o, q + 2*o = -q + g. What is the tens digit of q?
6
Let y(n) be the first derivative of -23*n**2/2 - 2*n + 6. Let d be 36/(-8)*2*1/3. What is the tens digit of y(d)?
6
Let n(o) = -1 + 2*o + 9*o**2 - 3*o**2 + 10 - 3*o**2. What is the units digit of n(-4)?
9
Let p = -316 + 749. What is the hundreds digit of p?
4
Suppose 8*v - 7015 - 1721 = 0. What is the tens digit of v?
9
Let t be (-60)/270 + (-76)/(-18). Let d(b) = -b**2 + 5*b + 2. What is the units digit of d(t)?
6
Let o = -5 - -11. Let h(z) = -5*z**2 - 11*z - 10. Let r(v) = 4*v**2 + 11*v + 9. Let u(n) = o*r(n) + 5*h(n). What is the units digit of u(8)?
8
What is the thousands digit of 1156 - (-8 - (-1 + -9))?
1
Suppose 3*l - 164 = 2*l. Suppose 4*q - 2*q - l = 0. What is the units digit of q?
2
Let r(i) = -24*i**2 + i. Let d be r(-1). Suppose 7*g - 3*g = 312. Let x = d + g. What is the tens digit of x?
5
Let x = -124 - -178. Let r be 70/2*-1 + -3. Let k = x + r. What is the tens digit of k?
1
Let h(m) = m**3 + 7*m**2 - 9*m - 5. Let f be h(-8). Suppose f*r - 8 = 4. Suppose x - 4*w = -2*x + 113, r*w = 5*x - 183. What is the units digit of x?
5
Suppose -303 = -5*d - 43. What is the units digit of d?
2
Let n(m) = -32*m + 3*m**2 + 17*m + 18*m. What is the units digit of n(-2)?
6
Let i(l) = l**2 - 9*l + 3. Let k be i(9). Suppose -x - 8 = -137. Suppose -k*y + 5*m + 51 = -x, -4*y + 214 = 2*m. What is the units digit of y?
5
Let s(g) = 29*g - 10. Suppose -3 = -6*n + 5*n. What is the tens digit of s(n)?
7
Let v(x) = -2*x**3 - 4*x**2 - 13. What is the tens digit of v(-10)?
8
Suppose 7*q - 999 = 982. What is the units digit of q?
3
Suppose 5*c - 68 = 4*a, 2*c = -3*a + 10 + 8. Let f(b) = 2*b - 3. Let g be f(3). Let z = c + g. What is the units digit of z?
5
Suppose -5*m + 2744 = 784. What is the tens digit of m?
9
Let c = -46 + 202. Let m = 263 - c. What is the tens digit of m?
0
Suppose 0 = 9*y - 12*y + 4980. Suppose -y = -g - 9*g. What is the units digit of g?
6
Suppose 4*q - 513 = -3*k, 3*q = 4*q - 5*k - 134. What is the units digit of (-61 - (1 - 0))*q/(-86)?
3
Let n(s) be the first derivative of s**4/4 - 5*s**3/3 - 3*s**2 + 9*s + 9. What is the units digit of n(6)?
9
What is the units digit of (-29574)/(-12) - (66/(-12) - -6)?
4
Let q(u) = -u + 16. Let y be q(8). Suppose -7*j + 3*j = -y. Suppose i - 6 = -4*m - j, -4*i = -m - 67. What is the tens digit of i?
1
Let l(p) = p - 12. Let s be l(0). Let u(v) be the first derivative of -v**2/2 - 11*v + 99. What is the units digit of u(s)?
1
Suppose -9*n + 1523 + 1438 = 0. What is the units digit of n?
9
Let f(d) = 145*d**3 - 7*d**2 + 2*d. What is the thousands digit of f(2)?
1
Suppose 2*m = -3*o + 3504, 3*o - 3504 = 87*m - 85*m. What is the thousands digit of o?
1
Let s be (-1085)/(-341) + ((-8)/(-22))/(-2). Suppose s*j = -0*j + 144. What is the tens digit of j?
4
What is the hundreds digit of 12590/8 - 3/36*-3?
5
Let s(n) = 230*n + 229. What is the thousands digit of s(6)?
1
Suppose -4 = -4*r + 8. Suppose 0 = 4*o - i - 3, 0 = r*o + 6*i - i + 15. Suppose -9*f + 8*f + 19 = o. What is the un